
283645
In base 16, what is 135171 - -5?
135176
In base 16, what is -19638 + -34?
-1966c
In base 13, what is -31c4 - -21c?
-2ca5
In base 12, what is -152b + 196b?
440
In base 4, what is 122033203121 + -120?
122033203001
In base 11, what is 3542 - 55380?
-51939
In base 11, what is -2a - -331aa59?
331aa2a
In base 10, what is -10 + -1068034?
-1068044
In base 8, what is -1001113 - 23?
-1001136
In base 10, what is 106 + 4785398?
4785504
In base 9, what is -22544715 + -3?
-22544718
In base 7, what is -2122366 + -254?
-2122653
In base 14, what is 21 - -980a?
982b
In base 6, what is 0 - 435214413?
-435214413
In base 11, what is 2a8a1 - -96?
2a987
In base 6, what is 130 + -21302224?
-21302054
In base 5, what is -104222 + 1213?
-103004
In base 14, what is -9d247 + 5?
-9d242
In base 2, what is 1100 - -1000100110111110010?
1000100110111111110
In base 10, what is -379 - -33343?
32964
In base 7, what is -1354 - 200152?
-201536
In base 2, what is -101 - -1110001010111110100001111?
1110001010111110100001010
In base 16, what is -74f0 + 13?
-74dd
In base 16, what is -81c - -5c9a9?
5c18d
In base 16, what is -40 + 1c4db3?
1c4d73
In base 10, what is 142 - -63?
205
In base 12, what is 50 + 1b596?
1b626
In base 8, what is 1443533 - 164?
1443347
In base 7, what is -5 + -26004010?
-26004015
In base 11, what is -5 + 47618678?
47618673
In base 3, what is -10 - -12120222222112?
12120222222102
In base 12, what is 1 - -2044b2?
2044b3
In base 2, what is -100 - -101000001001110011011000001?
101000001001110011010111101
In base 16, what is 2d - 22a23b?
-22a20e
In base 6, what is 152 - -34015512?
34020104
In base 6, what is 30414 + 140350?
211204
In base 2, what is 10111111010101111 - 10011111001?
10111100110110110
In base 11, what is 55250 + -271?
54a8a
In base 2, what is 100101000111 - 1110011001100000?
-1101110100011001
In base 4, what is 11 + -10221023330?
-10221023313
In base 12, what is -571950 + -41?
-571991
In base 14, what is -9236 + -5078?
-102b0
In base 16, what is 57214a + -3?
572147
In base 5, what is 24244 - 10141?
14103
In base 15, what is 518729 + -3?
518726
In base 4, what is 1323130 + -1033201?
223323
In base 3, what is -11 - -21202021112220?
21202021112202
In base 16, what is -5 - 462f28?
-462f2d
In base 2, what is 10101 - 111100111010100101110?
-111100111010100011001
In base 16, what is -80 - 1185ba?
-11863a
In base 4, what is -230 - 3032021?
-3032311
In base 10, what is -2127 - -24729?
22602
In base 10, what is 477 + -118690?
-118213
In base 5, what is 2 + -242303411421?
-242303411414
In base 14, what is 327 - 737?
-410
In base 16, what is 1 - -40ab798?
40ab799
In base 11, what is 596 + -6587?
-5aa1
In base 16, what is 1ba + 3d3473?
3d362d
In base 14, what is 1 + -14849b7b?
-14849b7a
In base 6, what is 1 + -100131320?
-100131315
In base 6, what is -12144 - 23415?
-40003
In base 12, what is -b8045 + -47?
-b8090
In base 5, what is 10 + 23240130324?
23240130334
In base 12, what is 62610 - -386?
62996
In base 3, what is -222000102021212222 - -12?
-222000102021212210
In base 13, what is 10a39a + -15?
10a385
In base 11, what is -8839781 - -5?
-8839777
In base 7, what is 10446001 + 331?
10446332
In base 13, what is -c08b5 - -a?
-c08a8
In base 4, what is 21322 + 331313110?
332001032
In base 10, what is -60043 - 467?
-60510
In base 5, what is -1011224340120 + 2?
-1011224340113
In base 6, what is 4 - -2051254150?
2051254154
In base 2, what is 100 - 1001100001111110101100101?
-1001100001111110101100001
In base 7, what is -13553440 - -242?
-13553165
In base 2, what is -11 - -100010110111101101000011?
100010110111101101000000
In base 10, what is -248388310 - -3?
-248388307
In base 11, what is -40 + 235428?
235398
In base 4, what is 30311001222323 - -1?
30311001222330
In base 10, what is 0 - -2662831?
2662831
In base 7, what is 1030306112 + -6?
1030306103
In base 3, what is -2020222011021121 - 221?
-2020222011022112
In base 8, what is 276 - -244146?
244444
In base 10, what is 56978 + 838?
57816
In base 9, what is 16 - -1301235?
1301252
In base 12, what is 142 - -808711?
808853
In base 6, what is 1322 + 322542?
324304
In base 3, what is -110 + -1012021101211?
-1012021102021
In base 13, what is -5 + 18968501?
189684c9
In base 11, what is 164930 + a2?
164a22
In base 8, what is 6516252 + 11?
6516263
In base 13, what is 597 + 7b2?
1079
In base 11, what is -256 + 777740?
777495
In base 7, what is -300254303 - 5?
-300254311
In base 5, what is -3011304 + 120342?
-2340412
In base 8, what is -4 + -103575063?
-103575067
In base 5, what is 4422 + 220332321?
220342243
In base 14, what is -1c54 + 120b?
-a47
In base 9, what is 320780 - 2?
320777
In base 2, what is -10011101100000 - -1011010001001?
-1000011010111
In base 3, what is -122111211222011 + 12?
-122111211221222
In base 8, what is 2 - 2262710337?
-2262710335
In base 14, what is -235c3c5 - 0?
-235c3c5
In base 9, what is -2 + 140220567?
140220565
In base 7, what is -5165 + 4312223?
4304025
In base 14, what is -25 - -16a026?
16a001
In base 12, what is 11979 - 19?
11960
In base 6, what is 30 + -100454?
-100424
In base 8, what is 767 - 154615?
-153626
In base 10, what is -1 + 3665690?
3665689
In base 2, what is 1000001111001110001 - 100000?
1000001111001010001
In base 11, what is -371037 - -26?
-371011
In base 7, what is -156 + -1110512?
-1111001
In base 15, what is 30a278 + 8?
30a281
In base 9, what is 275 + 547123?
547408
In base 16, what is 885 - -1c9?
a4e
In base 5, what is 2341434041424 - 0?
2341434041424
In base 16, what is 3e3 + 2cb5?
3098
In base 13, what is 3355b3ccb + -2?
3355b3cc9
In base 7, what is 1 + -5310320?
-5310316
In base 6, what is 5 - 5444215111?
-5444215102
In base 7, what is -450530 - 6?
-450536
In base 5, what is 13102401230 - -1?
13102401231
In base 9, what is -2 + -2574147?
-2574150
In base 10, what is -179639973 - -1?
-179639972
In base 10, what is -7 + 252275?
252268
In base 13, what is 29bb74 - -6?
29bb7a
In base 7, what is -63153 + 6052?
-54101
In base 13, what is -4b61 + 53?
-4b0b
In base 11, what is -259 - -556644?
556396
In base 10, what is 1047 + 879738?
880785
In base 6, what is 4031010451 - 4?
4031010443
In base 7, what is -3241022 + 44?
-3240645
In base 13, what is 2712a + -87?
27073
In base 7, what is 46 - 12020166?
-12020120
In base 11, what is -5 - -4265295?
4265290
In base 5, what is 104201344 + 4?
104201403
In base 13, what is 0 - -1019a46?
1019a46
In base 7, what is -4 + -16146433?
-16146440
In base 12, what is -3 - 1ba57bb5?
-1ba57bb8
In base 12, what is -451 + -21866?
-220b7
In base 2, what is 101110010001000001 + -110000111010?
101101100000000111
In base 2, what is 101000000111111010 + -100111000?
101000000011000010
In base 13, what is -16 - -150cc51?
150cc38
In base 7, what is 5 - -235460055?
235460063
In base 9, what is 1742708 + 7?
1742716
In base 14, what is -9746 + 79?
-96ab
In base 11, what is -986 + 6301?
5426
In base 16, what is -3 - 2548b2d?
-2548b30
In base 15, what is 90 - d86c?
-d7cc
In base 14, what is 1d + 95764?
95783
In base 16, what is -1 - -6068a9?
6068a8
In base 15, what is -2a + -18eeb9d?
-18eebc8
In base 5, what is 14 + 2114213434?
2114214003
In base 9, what is 14488744 - 3?
14488741
In base 11, what is -19190a + 59?
-191861
In base 7, what is 125 - -25265500?
25265625
In base 2, what is -10011100010001101011100 - 100?
-10011100010001101100000
In base 2, what is -1001110110101 + -10100100010?
-1100011010111
In base 16, what is -5 - 115493?
-115498
In base 9, what is 1082462 + -841?
1081521
In base 6, what is -250223343 + 2?
-250223341
In base 12, what is -18378 - -1020?
-17358
In base 5, what is 242303 - -1220224?
2013032
In base 14, what is 4 + -39084160?
-3908415a
In base 3, what is -21121122201 + 201?
-21121122000
In base 4, what is -102211112 - -1002?
-102210110
In base 6, what is -11232015 - 2054?
-11234113
In base 8, what is 537027 - 3136?
533671
In base 8, what is 75 + 221116?
221213
In base 16, what is 14 + -6e66ed?
-6e66d9
In base 9, what is -3 - -1267282?
1267278
In base 14, what is -38054 + -1bd0?
-39c44
In base 14, what is -a331 + 1b9?
-a156
In base 7, what is -12043320 + 345?
-12042642
In base 12, what is 1 + -8bb038?
-8bb037
In base 14, what is -2156d5a + -b?
-2156d67
In base 8, what is 243 + 2366771?
2367234
In base 2, what is -10000111 + 11000001